2939
List the prime factors of 6344908.
2, 37, 43, 997
List the prime factors of 1761017.
31, 56807
What are the prime factors of 179656?
2, 17, 1321
List the prime factors of 2034119.
563, 3613
What are the prime factors of 117204?
2, 3, 9767
List the prime factors of 108115.
5, 7, 3089
List the prime factors of 284029.
431, 659
List the prime factors of 1162046.
2, 103, 5641
What are the prime factors of 5687542?
2, 7, 406253
List the prime factors of 2440926.
2, 3, 135607
List the prime factors of 989663.
989663
What are the prime factors of 16352941?
11, 61, 24371
List the prime factors of 11042518.
2, 5521259
What are the prime factors of 1111640?
2, 5, 27791
What are the prime factors of 14486269?
7, 31, 241, 277
List the prime factors of 183811.
397, 463
List the prime factors of 363490.
2, 5, 163, 223
List the prime factors of 7523478.
2, 3, 47, 8893
List the prime factors of 2242063.
23, 43, 2267
What are the prime factors of 29019559?
719, 40361
What are the prime factors of 938533?
938533
What are the prime factors of 6302574?
2, 3, 337, 1039
List the prime factors of 239839.
373, 643
List the prime factors of 438563.
181, 2423
List the prime factors of 3921826.
2, 1960913
List the prime factors of 1057934.
2, 528967
List the prime factors of 2947708.
2, 736927
What are the prime factors of 1130930?
2, 5, 113093
What are the prime factors of 3750804?
2, 3, 43, 2423
What are the prime factors of 2619880?
2, 5, 65497
List the prime factors of 8908456.
2, 1113557
What are the prime factors of 773188?
2, 13, 14869
What are the prime factors of 9492091?
7, 37, 67, 547
What are the prime factors of 1001317?
17, 58901
List the prime factors of 125826.
2, 3, 67, 313
List the prime factors of 1813457.
29, 62533
List the prime factors of 8130156.
2, 3, 73, 9281
What are the prime factors of 25131528?
2, 3, 19, 18371
What are the prime factors of 199296?
2, 3, 173
What are the prime factors of 20594610?
2, 3, 5, 228829
What are the prime factors of 13577610?
2, 3, 5, 452587
List the prime factors of 32753988.
2, 3, 909833
What are the prime factors of 251423?
103, 2441
What are the prime factors of 8973380?
2, 5, 13, 34513
List the prime factors of 182847.
3, 7, 8707
List the prime factors of 11562505.
5, 179, 12919
What are the prime factors of 1007196?
2, 3, 83933
What are the prime factors of 994094?
2, 497047
List the prime factors of 426426.
2, 3, 7, 11, 13, 71
List the prime factors of 307679.
313, 983
List the prime factors of 121577.
121577
List the prime factors of 30444573.
3, 31, 113, 2897
List the prime factors of 2135401.
2135401
List the prime factors of 63529.
17, 37, 101
What are the prime factors of 237684?
2, 3, 29, 683
List the prime factors of 396826.
2, 198413
List the prime factors of 1025121.
3, 29, 11783
What are the prime factors of 8415220?
2, 5, 11, 29, 1319
What are the prime factors of 293601?
3, 7, 11, 31, 41
List the prime factors of 357496.
2, 44687
What are the prime factors of 103442?
2, 51721
List the prime factors of 6967986.
2, 3, 1161331
List the prime factors of 208921.
401, 521
List the prime factors of 248542.
2, 7, 41, 433
List the prime factors of 363358.
2, 17, 10687
List the prime factors of 5120533.
11, 97, 4799
List the prime factors of 82664.
2, 10333
List the prime factors of 91930.
2, 5, 29, 317
List the prime factors of 1581857.
1581857
List the prime factors of 1666970.
2, 5, 89, 1873
What are the prime factors of 649209?
3, 11, 103, 191
What are the prime factors of 2939054?
2, 1469527
What are the prime factors of 13105569?
3, 4368523
List the prime factors of 166999.
7, 23857
List the prime factors of 14179393.
601, 23593
List the prime factors of 7826025.
3, 5, 104347
What are the prime factors of 1155044?
2, 11, 26251
List the prime factors of 4777585.
5, 683, 1399
What are the prime factors of 6881266?
2, 7, 1433
List the prime factors of 1342885.
5, 491, 547
List the prime factors of 1299827.
1299827
What are the prime factors of 4333398?
2, 3, 151, 4783
What are the prime factors of 138911?
31, 4481
List the prime factors of 172046.
2, 7, 12289
List the prime factors of 15365718.
2, 3, 19, 179, 251
List the prime factors of 360660.
2, 3, 5, 6011
List the prime factors of 10968863.
127, 86369
List the prime factors of 2531785.
5, 506357
List the prime factors of 1779006.
2, 3, 479, 619
List the prime factors of 93650.
2, 5, 1873
List the prime factors of 1054103.
199, 5297
List the prime factors of 7893666.
2, 3, 11, 97, 137
List the prime factors of 188204.
2, 47051
What are the prime factors of 1085085?
3, 5, 24113
What are the prime factors of 645660?
2, 3, 5, 17, 211
List the prime factors of 610934.
2, 251, 1217
List the prime factors of 141455.
5, 19, 1489
List the prime factors of 321468.
2, 3, 7, 43, 89
List the prime factors of 141257.
141257
List the prime factors of 13730175.
3, 5, 20341
List the prime factors of 1489916.
2, 37, 10067
What are the prime factors of 8189689?
383, 21383
List the prime factors of 522014.
2, 211, 1237
List the prime factors of 262808.
2, 7, 13, 19
What are the prime factors of 3066555?
3, 5, 204437
List the prime factors of 927077.
927077
What are the prime factors of 3482600?
2, 5, 11, 1583
List the prime factors of 3662742.
2, 3, 610457
What are the prime factors of 4370348?
2, 43, 25409
List the prime factors of 2723363.
2723363
What are the prime factors of 5096543?
103, 49481
What are the prime factors of 22509211?
367, 61333
What are the prime factors of 825867?
3, 7, 13109
List the prime factors of 186732.
2, 3, 7, 13, 19
List the prime factors of 221060.
2, 5, 7, 1579
List the prime factors of 2536973.
1567, 1619
List the prime factors of 65681.
7, 11, 853
List the prime factors of 914652.
2, 3, 941
List the prime factors of 9374015.
5, 7, 267829
What are the prime factors of 3325722?
2, 3, 19, 29173
List the prime factors of 772515.
3, 5, 17167
List the prime factors of 4736.
2, 37
What are the prime factors of 258376?
2, 32297
List the prime factors of 2882609.
2882609
What are the prime factors of 2327699?
11, 61, 3469
List the prime factors of 2605183.
7, 79, 673
List the prime factors of 639293.
19, 33647
List the prime factors of 4517702.
2, 7, 46099
What are the prime factors of 1143958?
2, 67, 8537
List the prime factors of 984037.
984037
What are the prime factors of 2573139?
3, 857713
What are the prime factors of 1021758?
2, 3, 170293
What are the prime factors of 87648?
2, 3, 11, 83
List the prime factors of 201096.
2, 3, 7, 19
List the prime factors of 85792.
2, 7, 383
List the prime factors of 288469.
61, 4729
What are the prime factors of 1954335?
3, 5, 113, 1153
What are the prime factors of 8132400?
2, 3, 5, 251
What are the prime factors of 2826019?
7, 403717
List the prime factors of 21305768.
2, 11, 83, 2917
List the prime factors of 6545495.
5, 11, 31, 349
What are the prime factors of 2031579?
3, 11, 20521
What are the prime factors of 193013?
193013
List the prime factors of 427001.
427001
List the prime factors of 3305.
5, 661
List the prime factors of 351894.
2, 3, 223, 263
List the prime factors of 92379.
3, 7, 53, 83
What are the prime factors of 885496?
2, 17, 383
List the prime factors of 666278.
2, 333139
List the prime factors of 4383244.
2, 1095811
List the prime factors of 10439724.
2, 3, 463, 1879
What are the prime factors of 145869?
3, 48623
What are the prime factors of 137150?
2, 5, 13, 211
List the prime factors of 585337.
585337
List the prime factors of 15280829.
293, 52153
What are the prime factors of 39249?
3, 7, 89
What are the prime factors of 933540?
2, 3, 5, 15559
List the prime factors of 1187395.
5, 11, 21589
What are the prime factors of 744538?
2, 372269
List the prime factors of 1940654.
2, 61, 15907
What are the prime factors of 407164?
2, 137, 743
List the prime factors of 5741915.
5, 97, 11839
What are the prime factors of 1922405?
5, 384481
List the prime factors of 2824411.
2824411
What are the prime factors of 511713?
3, 56857
List the prime factors of 4912297.
13, 179, 2111
What are the prime factors of 163456?
2, 1277
List the prime factors of 10388329.
7, 1484047
What are the prime factors of 181923?
3, 7, 8663
What are the prime factors of 2432558?
2, 61, 127, 157
What ar